{"id":3224,"date":"2022-03-28T12:42:16","date_gmt":"2022-03-28T10:42:16","guid":{"rendered":"https:\/\/www.adventoura.eu\/tours\/belianska-jaskyna-a-obec-zdiar\/"},"modified":"2026-01-30T10:58:05","modified_gmt":"2026-01-30T09:58:05","slug":"belianska-jaskyna-a-obec-zdiar-so-sprievodcom","status":"publish","type":"tours","link":"https:\/\/www.adventoura.eu\/sk\/tours\/belianska-jaskyna-a-obec-zdiar-so-sprievodcom\/","title":{"rendered":"Objavte 2 klenoty Belianskych Tatier: Belianska jasky\u0148a a obec \u017ddiar"},"content":{"rendered":"\n<h2 class=\"wp-block-heading\">Belianske Tatry a \u017ddiar: Cesta do podzemia a za trad\u00edciami<\/h2>\n\n\n\n<p>Vyrazte s nami na \u010falek\u00fd sever Slovenska, priamo do srdca Belianskych Tatier. Objavte ich drsn\u00fa vysokohorsk\u00fa kr\u00e1su, jedine\u010dn\u00fa architekt\u00faru a pestr\u00fd folkl\u00f3r Goralov.<\/p>\n\n\n\n<p>N\u00e1\u0161 v\u00fdlet za\u010dneme na \u00fabo\u010d\u00ed Kobylieho vrchu, kde sa po kr\u00e1tkom v\u00fdstupe ponor\u00edme do podzemn\u00e9ho sveta \u2013<strong> Beliansk\u00e1 jasky\u0148a<\/strong> je jedin\u00e1 jasky\u0148a, ktor\u00fa m\u00f4\u017eete na slovenskej strane <strong>Tatier<\/strong> nav\u0161t\u00edvi\u0165. Po prehliadke sa presunieme do r\u00e1zovitej <strong>obce \u017ddiar<\/strong>. \u010cak\u00e1 v\u00e1s<strong> pestr\u00fd svet Goralov<\/strong>, unik\u00e1tna architekt\u00fara a poh\u013eady na hory, ktor\u00e9 sa v\u00e1m vryj\u00fa do pam\u00e4ti.<\/p>\n\n\n\n<p><strong>\u010co v\u0161etko na v\u00e1s po\u010das tohto jednod\u0148ov\u00e9ho v\u00fdletu \u010dak\u00e1?<\/strong><\/p>\n\n\n\n<ul class=\"wp-block-list\">\n<li><strong>Neskrotn\u00e1 sila pr\u00edrody: <\/strong>Vst\u00fapite do jedinej pr\u00edstupnej jaskyne v Tatr\u00e1ch. Uvid\u00edte <strong>bizarn\u00e9 skaln\u00e9 \u00fatvary<\/strong>, sintrov\u00e9 vodop\u00e1dy a podzemn\u00e9 jazierka ukryt\u00e9 v mas\u00edve Kobylieho vrchu.<\/li>\n\n\n\n<li><strong>Goralsk\u00e1 perla regi\u00f3nu: <\/strong>Presk\u00famate malebn\u00fd <strong>\u017ddiar<\/strong> le\u017eiaci priamo pod \u0161t\u00edtmi Tatier. Spozn\u00e1te hist\u00f3riu a <strong>pestr\u00fd folkl\u00f3r Goralov<\/strong>, obdivova\u0165 budete ich unik\u00e1tne kroje a r\u00e1zovit\u00fa \u013eudov\u00fa architekt\u00faru.<\/li>\n\n\n\n<li><strong>Autentick\u00e9 z\u00e1\u017eitky: <\/strong>Sprev\u00e1dza\u0165 v\u00e1s bude <strong>roden\u00fd Spi\u0161iak<\/strong>, ktor\u00fd d\u00f4verne<strong> pozn\u00e1 hist\u00f3riu<\/strong>, <strong>krajinu<\/strong> a v\u0161etky<strong> skryt\u00e9 z\u00e1kutia<\/strong> regi\u00f3nu.<\/li>\n\n\n\n<li><strong>Individu\u00e1lny pr\u00edstup: <\/strong>Nemus\u00edte na nikoho \u010daka\u0165 ani sa nikomu prisp\u00f4sobova\u0165. <strong>Tempo si ur\u010d\u00edte sami <\/strong>\u2013 presne tak, ako v\u00e1m to bude vyhovova\u0165.<\/li>\n<\/ul>\n\n\n\n<ul class=\"wp-block-list\"><\/ul>\n\n\n<div class=\"wp-block-image\">\n<figure class=\"aligncenter size-large\"><img decoding=\"async\" width=\"1024\" height=\"681\" src=\"https:\/\/www.adventoura.eu\/wp-content\/uploads\/2022\/03\/Belianska-cave-and-village-Zdiar3-1024x681.jpg\" alt=\"Osvetlen\u00e9 v\u00e1pencov\u00e9 \u00fatvary a turistick\u00fd chodn\u00edk v Belianskej jaskyni ne\u010faleko obce \u017ddiar.\" class=\"wp-image-653\" srcset=\"https:\/\/www.adventoura.eu\/wp-content\/uploads\/2022\/03\/Belianska-cave-and-village-Zdiar3-1024x681.jpg 1024w, https:\/\/www.adventoura.eu\/wp-content\/uploads\/2022\/03\/Belianska-cave-and-village-Zdiar3-300x199.jpg 300w, https:\/\/www.adventoura.eu\/wp-content\/uploads\/2022\/03\/Belianska-cave-and-village-Zdiar3-768x510.jpg 768w, https:\/\/www.adventoura.eu\/wp-content\/uploads\/2022\/03\/Belianska-cave-and-village-Zdiar3.jpg 1354w\" sizes=\"(max-width: 1024px) 100vw, 1024px\" \/><\/figure>\n<\/div>\n\n\n<h2 class=\"wp-block-heading\">Belianska jasky\u0148a: Podzemn\u00fd klenot Tatier<\/h2>\n\n\n\n<p>Na\u0161e dobrodru\u017estvo sa za\u010d\u00edna na severnom svahu <strong>Kobylieho vrchu<\/strong> v <strong>nadmorskej v\u00fd\u0161ke 890 m n. m.<\/strong>, na okraji <strong>Belianskych Tatier<\/strong>. S va\u0161\u00edm sprievodcom sa ponor\u00edte do podzemn\u00e9ho sveta <a href=\"https:\/\/sk.wikipedia.org\/wiki\/Belianska_jasky%C5%88a\" data-type=\"link\" data-id=\"https:\/\/sk.wikipedia.org\/wiki\/Belianska_jasky%C5%88a\" target=\"_blank\" rel=\"noopener\">Belianskej jaskyne<\/a>, ktor\u00e1 kedysi l\u00e1kala h\u013eada\u010dov pokladov \u2013 o ich pr\u00edtomnosti dodnes sved\u010dia men\u00e1 zanechan\u00e9 na skaln\u00fdch sten\u00e1ch.<\/p>\n\n\n\n<p>Po\u010das prehliadky v\u00e1s up\u00fataj\u00fa <strong>mohutn\u00e9 sintrov\u00e9 vodop\u00e1dy<\/strong>, ktor\u00e9 dominuj\u00fa <strong>Vysok\u00e9mu d\u00f3mu<\/strong>, D\u00f3mu SNP \u010di Vodop\u00e1dov\u00e9mu d\u00f3mu. V <strong>Palmovej sieni <\/strong>budete obdivova\u0165 unik\u00e1tne stalagmity pripom\u00ednaj\u00face \u010d\u00ednske pagody. Vrcholom prehliadky je najv\u00e4\u010d\u0161\u00ed priestor jaskyne \u2013 <strong>Hudobn\u00e1 sie\u0148<\/strong>. Svoje meno nesie pod\u013ea zvuku kvapiek vody, ktor\u00e9 melodicky dopadaj\u00fa na hladinu podzemn\u00e9ho jazierka.<\/p>\n\n\n\n<p>Chceli by ste s nami vidie\u0165 \u010fal\u0161ie jaskyne? Pozrite si napr\u00edklad <a href=\"https:\/\/www.adventoura.eu\/sk\/tours\/dobsinska-ladova-jaskyna-a-zamok-betliar-so-sprievodcom\/\" data-type=\"link\" data-id=\"https:\/\/www.adventoura.eu\/sk\/tours\/dobsinska-ladova-jaskyna-a-zamok-betliar-so-sprievodcom\/\">Dob\u0161insk\u00fa \u013eadov\u00fa jasky\u0148u<\/a> s najv\u00e4\u010d\u0161\u00edm \u013eadov\u00fdm blokom v Eur\u00f3pe, ktor\u00e1 je zap\u00edsan\u00e1 v zozname UNESCO.<\/p>\n\n\n\n<div style=\"background-color: #164e93; color: #FFFFFF; border-radius: 12px; padding: 20px;\">\n<h3 style=\"color: #FFFFFF;\" margin-top: 0;\">Fun Fact<\/h3>\n<p style=\"margin-bottom: 0;\">\nV\u010faka vynikaj\u00facej akustike Hudobnej siene sa v nej zvykli kona\u0165 koncerty v\u00e1\u017enej hudby. T\u00f3ny odr\u00e1\u017eaj\u00face sa od skaln\u00fdch stien a hladiny jazierka tu vytv\u00e1raj\u00fa \u010dist\u00fa a mohutn\u00fa ozvenu, ktor\u00e1 dokonale vyp\u013a\u0148a tento obrovsk\u00fd podzemn\u00fd priestor.<\/strong>\n<\/p>\n<\/div>\n\n\n<div class=\"wp-block-image\">\n<figure class=\"aligncenter size-large\"><img decoding=\"async\" src=\"https:\/\/www.adventoura.eu\/wp-content\/uploads\/2022\/03\/Belianska-cave-and-village-Zdiar1-1024x683.jpg\" alt=\"Uk\u00e1\u017eka tradi\u010dnej \u017ediarskej svadby a skupina miestnych obyvate\u013eov oble\u010den\u00fdch v pestr\u00fdch goralsk\u00fdch krojoch pred m\u00fazeom \u017ddiarsky dom, ktor\u00e9 je postaven\u00e9 v \u0161t\u00fdle tradi\u010dn\u00fdch dreven\u00edc.\"\/><\/figure>\n<\/div>\n\n\n<h2 class=\"wp-block-heading\">\u017ddiar: \u017divot v objat\u00ed Belianskych Tatier<\/h2>\n\n\n\n<p>Po objavovan\u00ed podzemn\u00fdch sien\u00ed Belianskej jaskyne sa presunieme do <strong>r\u00e1zovitej obce <\/strong><a href=\"https:\/\/sk.wikipedia.org\/wiki\/%C5%BDdiar\" data-type=\"link\" data-id=\"https:\/\/sk.wikipedia.org\/wiki\/%C5%BDdiar\" target=\"_blank\" rel=\"noopener\"><strong>\u017ddia<\/strong>r<\/a>, ktor\u00e1 patr\u00ed k najchladnej\u0161\u00edm miestam na Slovensku. Ocitnete sa v priamom zovret\u00ed \u0161t\u00edtov <strong>Belianskych Tatier<\/strong> a svahov <strong>Spi\u0161skej Magury<\/strong>.<\/p>\n\n\n\n<p>Sprievodca v\u00e1s prevedie malebnou obcou a uk\u00e1\u017ee v\u00e1m jej <strong>p\u00f4vodn\u00fa \u013eudov\u00fa architekt\u00faru<\/strong> a tradi\u010dn\u00e9 drevenice. Ak budete ma\u0165 chu\u0165 nahliadnu\u0165 hlb\u0161ie do du\u0161e tohto regi\u00f3nu, nav\u0161t\u00edvi\u0165 m\u00f4\u017eete aj <strong>miestne m\u00fazeum<\/strong>, ktor\u00e9 ukr\u00fdva poklady goralsk\u00e9ho folkl\u00f3ru, hist\u00f3rie a pestr\u00fdch krojov.<\/p>\n\n\n\n<figure class=\"wp-block-image size-large\"><img decoding=\"async\" width=\"930\" height=\"1024\" src=\"https:\/\/www.adventoura.eu\/wp-content\/uploads\/2022\/03\/Belianska-cave-and-village-Zdiar5-930x1024.jpg\" alt=\"Dynamick\u00fd v\u00fdskok tane\u010dn\u00edka v tradi\u010dnom goralskom kroji a klob\u00faku s vala\u0161kou v ruke pred drevenicou v \u017ddiari- Ne\u010faleko obce sa nach\u00e1dza aj Beliansk\u00e1 jasky\u0148a.\" class=\"wp-image-655\" srcset=\"https:\/\/www.adventoura.eu\/wp-content\/uploads\/2022\/03\/Belianska-cave-and-village-Zdiar5-930x1024.jpg 930w, https:\/\/www.adventoura.eu\/wp-content\/uploads\/2022\/03\/Belianska-cave-and-village-Zdiar5-272x300.jpg 272w, https:\/\/www.adventoura.eu\/wp-content\/uploads\/2022\/03\/Belianska-cave-and-village-Zdiar5-768x846.jpg 768w, https:\/\/www.adventoura.eu\/wp-content\/uploads\/2022\/03\/Belianska-cave-and-village-Zdiar5.jpg 1300w\" sizes=\"(max-width: 930px) 100vw, 930px\" \/><\/figure>\n\n\n\n<h2 class=\"wp-block-heading\">Nesta\u010dia v\u00e1m nem\u00e9 expon\u00e1ty m\u00fazea?<\/h2>\n\n\n\n<p>\u010co tak sa na chv\u00ed\u013eu sta\u0165 prav\u00fdm \u017ediarskym svadob\u010danom? Na \u017eelanie v\u00e1m zorganizujeme z\u00e1\u017eitok, po\u010das ktor\u00e9ho v\u00e1s oble\u010dieme do tradi\u010dn\u00fdch krojov. Na <strong>cel\u00fa hodinu<\/strong> sa naplno<strong> ponor\u00edte do v\u00edru goralsk\u00fdch trad\u00edci\u00ed<\/strong> a stanete sa priamou s\u00fa\u010das\u0165ou inscenovanej svadby s neopakovate\u013enou atmosf\u00e9rou.<\/p>\n\n\n\n<p>M\u00e1te chu\u0165 na de\u0148 pln\u00fd pr\u00edrody v <strong>podzemn\u00fdch sie\u0148ach Belianskej jaskyne<\/strong>, n\u00e1dhern\u00fdch <strong>v\u00fdh\u013eadov<\/strong> a goralsk\u00fdch <strong>trad\u00edcii<\/strong> v r\u00e1zovitej obci \u017ddiar? Nie je ni\u010d jednoduch\u0161ie. Zarezervujte si svoj term\u00edn a vyrazte na v\u00fdlet pln\u00fd z\u00e1\u017eitkov v sprievode \u010dloveka, ktor\u00fd tento regi\u00f3n pozn\u00e1 ako svoju dla\u0148.<\/p>\n\n\n\n<p><br><\/p>\n","protected":false},"featured_media":2328,"parent":0,"template":"","tour_category":[45,44],"class_list":["post-3224","tours","type-tours","status-publish","has-post-thumbnail","hentry","tour_category-leto","tour_category-zima"],"acf":[],"_links":{"self":[{"href":"https:\/\/www.adventoura.eu\/sk\/wp-json\/wp\/v2\/tours\/3224","targetHints":{"allow":["GET"]}}],"collection":[{"href":"https:\/\/www.adventoura.eu\/sk\/wp-json\/wp\/v2\/tours"}],"about":[{"href":"https:\/\/www.adventoura.eu\/sk\/wp-json\/wp\/v2\/types\/tours"}],"wp:featuredmedia":[{"embeddable":true,"href":"https:\/\/www.adventoura.eu\/sk\/wp-json\/wp\/v2\/media\/2328"}],"wp:attachment":[{"href":"https:\/\/www.adventoura.eu\/sk\/wp-json\/wp\/v2\/media?parent=3224"}],"wp:term":[{"taxonomy":"tour_category","embeddable":true,"href":"https:\/\/www.adventoura.eu\/sk\/wp-json\/wp\/v2\/tour_category?post=3224"}],"curies":[{"name":"wp","href":"https:\/\/api.w.org\/{rel}","templated":true}]}}

Objavte 2 klenoty Belianskych Tatier: Belianska jaskyňa a obec Ždiar

<h2 class="wp-block-heading">Belianske Tatry a Ždiar: Cesta do podzemia a za tradíciami</h2>



<p>Vyrazte s nami na ďaleký sever Slovenska, priamo do srdca Belianskych Tatier. Objavte ich drsnú vysokohorskú krásu, jedinečnú architektúru a pestrý folklór Goralov.</p>



<p>Náš výlet začneme na úbočí Kobylieho vrchu, kde sa po krátkom výstupe ponoríme do podzemného sveta –<strong> Belianská jaskyňa</strong> je jediná jaskyňa, ktorú môžete na slovenskej strane <strong>Tatier</strong> navštíviť. Po prehliadke sa presunieme do rázovitej <strong>obce Ždiar</strong>. Čaká vás<strong> pestrý svet Goralov</strong>, unikátna architektúra a pohľady na hory, ktoré sa vám vryjú do pamäti.</p>



<p><strong>Čo všetko na vás počas tohto jednodňového výletu čaká?</strong></p>



<ul class="wp-block-list">
<li><strong>Neskrotná sila prírody: </strong>Vstúpite do jedinej prístupnej jaskyne v Tatrách. Uvidíte <strong>bizarné skalné útvary</strong>, sintrové vodopády a podzemné jazierka ukryté v masíve Kobylieho vrchu.</li>



<li><strong>Goralská perla regiónu: </strong>Preskúmate malebný <strong>Ždiar</strong> ležiaci priamo pod štítmi Tatier. Spoznáte históriu a <strong>pestrý folklór Goralov</strong>, obdivovať budete ich unikátne kroje a rázovitú ľudovú architektúru.</li>



<li><strong>Autentické zážitky: </strong>Sprevádzať vás bude <strong>rodený Spišiak</strong>, ktorý dôverne<strong> pozná históriu</strong>, <strong>krajinu</strong> a všetky<strong> skryté zákutia</strong> regiónu.</li>



<li><strong>Individuálny prístup: </strong>Nemusíte na nikoho čakať ani sa nikomu prispôsobovať. <strong>Tempo si určíte sami </strong>– presne tak, ako vám to bude vyhovovať.</li>
</ul>



<ul class="wp-block-list"></ul>


<div class="wp-block-image">
<figure class="aligncenter size-large"><img decoding="async" width="1024" height="681" src="https://www.adventoura.eu/wp-content/uploads/2022/03/Belianska-cave-and-village-Zdiar3-1024x681.jpg" alt="Osvetlené vápencové útvary a turistický chodník v Belianskej jaskyni neďaleko obce Ždiar." class="wp-image-653" srcset="https://www.adventoura.eu/wp-content/uploads/2022/03/Belianska-cave-and-village-Zdiar3-1024x681.jpg 1024w, https://www.adventoura.eu/wp-content/uploads/2022/03/Belianska-cave-and-village-Zdiar3-300x199.jpg 300w, https://www.adventoura.eu/wp-content/uploads/2022/03/Belianska-cave-and-village-Zdiar3-768x510.jpg 768w, https://www.adventoura.eu/wp-content/uploads/2022/03/Belianska-cave-and-village-Zdiar3.jpg 1354w" sizes="(max-width: 1024px) 100vw, 1024px" /></figure>
</div>


<h2 class="wp-block-heading">Belianska jaskyňa: Podzemný klenot Tatier</h2>



<p>Naše dobrodružstvo sa začína na severnom svahu <strong>Kobylieho vrchu</strong> v <strong>nadmorskej výške 890 m n. m.</strong>, na okraji <strong>Belianskych Tatier</strong>. S vaším sprievodcom sa ponoríte do podzemného sveta <a href="https://sk.wikipedia.org/wiki/Belianska_jasky%C5%88a" data-type="link" data-id="https://sk.wikipedia.org/wiki/Belianska_jasky%C5%88a" target="_blank" rel="noopener">Belianskej jaskyne</a>, ktorá kedysi lákala hľadačov pokladov – o ich prítomnosti dodnes svedčia mená zanechané na skalných stenách.</p>



<p>Počas prehliadky vás upútajú <strong>mohutné sintrové vodopády</strong>, ktoré dominujú <strong>Vysokému dómu</strong>, Dómu SNP či Vodopádovému dómu. V <strong>Palmovej sieni </strong>budete obdivovať unikátne stalagmity pripomínajúce čínske pagody. Vrcholom prehliadky je najväčší priestor jaskyne – <strong>Hudobná sieň</strong>. Svoje meno nesie podľa zvuku kvapiek vody, ktoré melodicky dopadajú na hladinu podzemného jazierka.</p>



<p>Chceli by ste s nami vidieť ďalšie jaskyne? Pozrite si napríklad <a href="https://www.adventoura.eu/sk/tours/dobsinska-ladova-jaskyna-a-zamok-betliar-so-sprievodcom/" data-type="link" data-id="https://www.adventoura.eu/sk/tours/dobsinska-ladova-jaskyna-a-zamok-betliar-so-sprievodcom/">Dobšinskú ľadovú jaskyňu</a> s najväčším ľadovým blokom v Európe, ktorá je zapísaná v zozname UNESCO.</p>



<div style="background-color: #164e93; color: #FFFFFF; border-radius: 12px; padding: 20px;">
<h3 style="color: #FFFFFF;" margin-top: 0;">Fun Fact</h3>
<p style="margin-bottom: 0;">
Vďaka vynikajúcej akustike Hudobnej siene sa v nej zvykli konať koncerty vážnej hudby. Tóny odrážajúce sa od skalných stien a hladiny jazierka tu vytvárajú čistú a mohutnú ozvenu, ktorá dokonale vypĺňa tento obrovský podzemný priestor.</strong>
</p>
</div>


<div class="wp-block-image">
<figure class="aligncenter size-large"><img decoding="async" src="https://www.adventoura.eu/wp-content/uploads/2022/03/Belianska-cave-and-village-Zdiar1-1024x683.jpg" alt="Ukážka tradičnej ždiarskej svadby a skupina miestnych obyvateľov oblečených v pestrých goralských krojoch pred múzeom Ždiarsky dom, ktoré je postavené v štýle tradičných dreveníc."/></figure>
</div>


<h2 class="wp-block-heading">Ždiar: Život v objatí Belianskych Tatier</h2>



<p>Po objavovaní podzemných siení Belianskej jaskyne sa presunieme do <strong>rázovitej obce </strong><a href="https://sk.wikipedia.org/wiki/%C5%BDdiar" data-type="link" data-id="https://sk.wikipedia.org/wiki/%C5%BDdiar" target="_blank" rel="noopener"><strong>Ždia</strong>r</a>, ktorá patrí k najchladnejším miestam na Slovensku. Ocitnete sa v priamom zovretí štítov <strong>Belianskych Tatier</strong> a svahov <strong>Spišskej Magury</strong>.</p>



<p>Sprievodca vás prevedie malebnou obcou a ukáže vám jej <strong>pôvodnú ľudovú architektúru</strong> a tradičné drevenice. Ak budete mať chuť nahliadnuť hlbšie do duše tohto regiónu, navštíviť môžete aj <strong>miestne múzeum</strong>, ktoré ukrýva poklady goralského folklóru, histórie a pestrých krojov.</p>



<figure class="wp-block-image size-large"><img decoding="async" width="930" height="1024" src="https://www.adventoura.eu/wp-content/uploads/2022/03/Belianska-cave-and-village-Zdiar5-930x1024.jpg" alt="Dynamický výskok tanečníka v tradičnom goralskom kroji a klobúku s valaškou v ruke pred drevenicou v Ždiari- Neďaleko obce sa nachádza aj Belianská jaskyňa." class="wp-image-655" srcset="https://www.adventoura.eu/wp-content/uploads/2022/03/Belianska-cave-and-village-Zdiar5-930x1024.jpg 930w, https://www.adventoura.eu/wp-content/uploads/2022/03/Belianska-cave-and-village-Zdiar5-272x300.jpg 272w, https://www.adventoura.eu/wp-content/uploads/2022/03/Belianska-cave-and-village-Zdiar5-768x846.jpg 768w, https://www.adventoura.eu/wp-content/uploads/2022/03/Belianska-cave-and-village-Zdiar5.jpg 1300w" sizes="(max-width: 930px) 100vw, 930px" /></figure>



<h2 class="wp-block-heading">Nestačia vám nemé exponáty múzea?</h2>



<p>Čo tak sa na chvíľu stať pravým ždiarskym svadobčanom? Na želanie vám zorganizujeme zážitok, počas ktorého vás oblečieme do tradičných krojov. Na <strong>celú hodinu</strong> sa naplno<strong> ponoríte do víru goralských tradícií</strong> a stanete sa priamou súčasťou inscenovanej svadby s neopakovateľnou atmosférou.</p>



<p>Máte chuť na deň plný prírody v <strong>podzemných sieňach Belianskej jaskyne</strong>, nádherných <strong>výhľadov</strong> a goralských <strong>tradícii</strong> v rázovitej obci Ždiar? Nie je nič jednoduchšie. Zarezervujte si svoj termín a vyrazte na výlet plný zážitkov v sprievode človeka, ktorý tento región pozná ako svoju dlaň.</p>



<p><br></p>
